-3. Calculate the remainder when 19 is divided by s.
8
Let u(q) = q**2 - 7*q + 1. Let w = -124 + 130. Calculate the remainder when u(8) is divided by w.
3
Let w = 0 + 24. Suppose 0 = 2*m - 58 - 80. Calculate the remainder when m is divided by w.
21
Calculate the remainder when -4*5/10*-3 is divided by 5.
1
Let j(x) = x**2 + 2*x + 2. Let m be (-1)/1 - (-1 - -7). Let y be j(m). Let n = y - 5. What is the remainder when n is divided by 17?
15
Suppose -3*f + 7*f - 8 = 0. Let l = f + 0. What is the remainder when 5 is divided by l?
1
Suppose -9*p = -190 - 152. Calculate the remainder when p is divided by 5.
3
Let i(b) = -b**2 + 6*b. Let w be i(7). Suppose -5*o + 3*t + 41 = -0, -3*o - 4*t = -13. What is the remainder when ((-72)/14)/3*w is divided by o?
5
Suppose -3*i - 2*a = 21, i + 3*a = 3*i + 1. Let j = i + -1. Let o(n) = -4*n + 7. Calculate the remainder when o(j) is divided by 11.
9
Let d be ((-2)/(-3))/((-2)/(-12)). Calculate the remainder when 470/8 - d/(-16) is divided by 15*(2/(-3) + 2).
19
Suppose -2 - 2 = -2*f. Let o = 12 + f. What is the remainder when 40 is divided by o?
12
Suppose 4*a = 5*p - 123, -2*p + 3*p - 33 = 5*a. Suppose 5*m + 4*d + 8 = p, 4*d = -m - 13. What is the remainder when m is divided by 3?
1
Let m = 49 - 25. Suppose -t + 3*t = -4*f + 60, t = -5*f + 72. Let k = m - f. Calculate the remainder when 29 is divided by k.
9
Let x = 160 + -119. What is the remainder when 161 is divided by x?
38
Let v = -27 - -48. Calculate the remainder when 82 is divided by v.
19
Suppose -36 = -7*t + t. Let q(j) = 13*j - 5. What is the remainder when q(2) is divided by t?
3
Let l(g) = -2*g + 3. What is the remainder when l(-4) is divided by 4?
3
Suppose -3*t + 4*t = -27. Let s = t - -43. What is the remainder when s is divided by 9?
7
Suppose 9*q = 2*q + 378. What is the remainder when q is divided by 11?
10
Calculate the remainder when 26 is divided by 2*4/2 - -12.
10
Let j(v) = 0 + 3*v**2 + 1 - 2*v + v**2. Let u be j(1). Suppose u*y - 4*y - 2 = 0, -34 = -4*g - 3*y. Calculate the remainder when 18 is divided by g.
8
Suppose 9 = m + 3*h, -2*m + 4*m - h - 4 = 0. Let s be (-8)/(1/(1/(-1))). Let u(g) = g**2 - 7*g - 6. What is the remainder when m is divided by u(s)?
1
Let j(k) = 15*k**2 + 2*k + 1. Let a be -4 + -1 + 1 + 1. Calculate the remainder when j(-2) is divided by (-8 - a)*(-3 - 0).
12
Let d(l) = -2*l + 10. Calculate the remainder when d(4) is divided by 1.
0
Suppose 6*l - 19*l + 338 = 0. What is the remainder when 205 is divided by l?
23
Let a = 35 - -12. Calculate the remainder when a is divided by 25.
22
Let j be (-16)/6 - (-8)/12. Suppose -2*m + 30 = 3*a, 0*m - 15 = -m - 3*a. What is the remainder when 388/14 + j/(-7) is divided by m?
13
Let h be 1/(((-3)/(-141))/1). Let z = -32 + h. What is the remainder when ((-7)/(-2))/(2/16) is divided by z?
13
Let r(u) = -u**3 - 6*u**2 + 10*u + 10. Let a be r(-7). Let t = 15 + a. Suppose -t = o - 20. Calculate the remainder when o is divided by 6.
4
Let m(y) = 5*y - 4. Calculate the remainder when 92 is divided by m(7).
30
Suppose 5*o + 3*b = 5*b + 2, 4*b - 24 = -4*o. What is the remainder when 7 is divided by o?
1
Let b be 2/(-8) - (-51)/12. Suppose 4*q - b*j - 112 = 0, 0 = 4*q - 3*j + 7*j - 120. What is the remainder when q is divided by 8?
5
Let b(w) = w**3 + 15*w**2 - w + 22. Let p be b(-15). Suppose -p = -g - 8. Calculate the remainder when g is divided by 8.
5
Let k be (0 - 1)/(6/18). Let s(m) = 10*m - 19. Let d(i) = 5*i - 9. Let r(o) = k*s(o) + 7*d(o). Calculate the remainder when r(6) is divided by 9.
6
What is the remainder when 142 is divided by 2/(-12) - (-2821)/78?
34
Let s(o) = -4*o + 44. Let c(p) = -9*p - 5 + 98 - 4. Let g(r) = -3*c(r) + 7*s(r). What is the remainder when g(0) is divided by 14?
13
Let m(j) = -4*j - 1. Calculate the remainder when (-44)/(-6)*21/14 is divided by m(-2).
4
Let w = 2 - -2. Suppose w*f - 30 = f. Calculate the remainder when 39 is divided by f.
9
Let k(s) = -s**2 - 27*s - 8. What is the remainder when k(-14) is divided by 22?
20
Suppose r - 3*h = h - 16, 3*r - 4*h = -24. Let k(b) = b**2 - 5*b - 2. Calculate the remainder when k(r) is divided by 114/10 - 21/(-35).
10
Suppose -5*k = -6*k + 7. Suppose k*w = 2*w + 10. Calculate the remainder when w is divided by 1.
0
Suppose -w + 2*w = 0. Suppose -2*i = -7 + 1. Suppose w + i = d. What is the remainder when 4 is divided by d?
1
Let l = 272 + -226. What is the remainder when l is divided by 21?
4
Suppose 0 = 3*f + 48 - 210. What is the remainder when 105 is divided by f?
51
Let j = 16 + -15. Let x(v) = 46*v + 2. Calculate the remainder when x(j) is divided by 17.
14
Calculate the remainder when 35 is divided by (-10 + 7)*-6*1.
17
Calculate the remainder when (-2)/(-7) + 89/7 is divided by 8.
5
Calculate the remainder when 2/(-17) + (-4224)/(-68) is divided by 21.
20
Let s be (9*2)/(0 - 1). Let f(d) = -4*d + 11. Let m be f(10). Let l = s - m. Calculate the remainder when 21 is divided by l.
10
Let s(y) = y**2 - 3*y - 5. Suppose -5*v + 4*v = -2. Calculate the remainder when s(-2) is divided by v.
1
Let o(t) = -t**2 - 5*t + 4. Let d be o(-6). What is the remainder when ((-64)/4)/d*1 is divided by 3?
2
Let y = -59 - -89. Let d = y - 18. Let t = 54 - 19. What is the remainder when t is divided by d?
11
Suppose 0 = -4*a + 8. Suppose -w - 6 + 11 = 0. Suppose -p - w*b = 18, -b - 12 = 2*b. What is the remainder when a is divided by p?
0
Suppose b = 160 - 8. Suppose -4*k + 156 = -j + 6*j, -5*j + b = 3*k. Calculate the remainder when j is divided by 15.
13
Let l = -49 - -96. What is the remainder when l is divided by 13?
8
Let n be 2/10 + 124/5. Let w = n - 15. Suppose 5*y = 97 - 2. Calculate the remainder when y is divided by w.
9
Let j(b) = -2*b + 13. Let t = 5 + 4. Calculate the remainder when j(-10) is divided by t.
6
Suppose 30 = -4*g + 6. Let r be 8*(-4)/(16/g). Suppose z = 4 + r. Calculate the remainder when z is divided by 9.
7
What is the remainder when ((-308)/(-8))/(2/4) is divided by 3/(-3*(-1)/20)?
17
Suppose -4*d = 3*t + d + 121, 4*t - d = -123. Let z = -18 - t. Let v = -45 - -86. What is the remainder when v is divided by z?
13
Let z(p) = -p**3 + 11*p**2 - 8*p + 6. Calculate the remainder when 77 is divided by z(10).
25
Let y = -77 - -113. Calculate the remainder when y is divided by 20.
16
Suppose -20 = -2*k - 2*k. Let m(y) = y**3 - 3*y**2 + 2*y + 2. Let s(v) = -2*v + 1. Let r be s(-1). What is the remainder when m(r) is divided by k?
3
Suppose -5*u + u = 0. Suppose u = -5*q + 42 + 33. What is the remainder when 44 is divided by q?
14
Let w(a) = a**2 + 1. What is the remainder when 37 is divided by w(3)?
7
Let x be (-3 - (-8)/3)*-9. Let m be (-3)/(-3)*x + 37. Let c = -18 + m. What is the remainder when c is divided by 6?
4
Suppose -5*m + 20 = -0*m. Suppose m*q = -q. Suppose u - 6*u + 205 = q. Calculate the remainder when u is divided by 14.
13
Let t(k) = -k**2 + 13*k - 30. Suppose 0*y + 22 = y. Calculate the remainder when y is divided by t(9).
4
Let x be (4/6)/((-4)/(-18)). Suppose 0 = x*l, 2*l + 3 = r + 2. Suppose p + 2 = -3*u + 5, 0 = -5*p. Calculate the remainder when r is divided by u.
0
Let a(l) = l - 2. Let s be a(5). Suppose -s*i + 129 = -15. What is the remainder when i is divided by 17?
14
Let s = 17 - 8. What is the remainder when 33 is divided by s?
6
Suppose 0*j - 21 = -2*j - h, -9 = -j - h. Let u(g) = 7*g + 2. Calculate the remainder when u(3) is divided by j.
11
Let m(g) = 2*g**2 - g. Calculate the remainder when m(4) is divided by 6.
4
Suppose -10 + 1 = 3*w, 3*b - 75 = -4*w. Suppose -d + b - 7 = 0. Let m = -6 + 70. Calculate the remainder when m is divided by d.
20
Suppose -n + 47 = 3*q - q, -5*q = n - 122. Let a = -62 + 111. What is the remainder when a is divided by q?
24
Let s(y) = y**2 - 14*y + 20. What is the remainder when 37 is divided by s(14)?
17
Let y = -13 + 15. Suppose 4*i = 8, -2*w - y*w + 42 = 3*i. Calculate the remainder when w is divided by 4.
1
Calculate the remainder when 16/(-24) - 86/(-3) is divided by (-4)/10 - 104/(-10).
8
Let l = 1 - 1. Suppose 4 = 2*f, l = 4*s + 3*f - 0*f - 62. What is the remainder when 40 is divided by s?
12
Let d(s) = 4*s**2 - 3*s + 2. Let p be 2/(-6) + 10/3. Calculate the remainder when d(p) is divided by 1/(-1)*-8 - -2.
9
Let j = -8 + 13. Wh